at is the ten thousands digit of 327587?
2
What is the hundreds digit of 1005832?
8
What is the thousands digit of 273747?
3
What is the tens digit of 6204665?
6
What is the units digit of 41414?
4
What is the hundred thousands digit of 27387333?
3
What is the tens digit of 524388?
8
What is the hundreds digit of 1246640?
6
What is the units digit of 1040132?
2
What is the units digit of 172289?
9
What is the ten thousands digit of 2194095?
9
What is the hundred thousands digit of 12046532?
0
What is the tens digit of 10170704?
0
What is the thousands digit of 4103046?
3
What is the ten millions digit of 10015831?
1
What is the ten thousands digit of 199207?
9
What is the millions digit of 3079579?
3
What is the hundreds digit of 243250?
2
What is the ten thousands digit of 1034712?
3
What is the ten thousands digit of 56023?
5
What is the units digit of 17093086?
6
What is the thousands digit of 818070?
8
What is the tens digit of 10156718?
1
What is the thousands digit of 33223?
3
What is the units digit of 244786?
6
What is the units digit of 97415?
5
What is the thousands digit of 9079501?
9
What is the tens digit of 1418929?
2
What is the units digit of 1246025?
5
What is the tens digit of 1692097?
9
What is the units digit of 9332286?
6
What is the thousands digit of 12482804?
2
What is the hundreds digit of 230245?
2
What is the hundreds digit of 176384?
3
What is the ten thousands digit of 3921644?
2
What is the hundreds digit of 176312?
3
What is the units digit of 6489111?
1
What is the hundred thousands digit of 182116?
1
What is the millions digit of 4826799?
4
What is the ten thousands digit of 35872?
3
What is the hundreds digit of 1810544?
5
What is the ten thousands digit of 183031?
8
What is the hundred thousands digit of 3849779?
8
What is the hundred thousands digit of 174865?
1
What is the units digit of 11855458?
8
What is the millions digit of 2382979?
2
What is the units digit of 1163730?
0
What is the tens digit of 206093?
9
What is the ten millions digit of 15175544?
1
What is the thousands digit of 116109?
6
What is the thousands digit of 110397?
0
What is the hundred thousands digit of 718913?
7
What is the hundreds digit of 535610?
6
What is the millions digit of 7784440?
7
What is the thousands digit of 713958?
3
What is the hundreds digit of 106839?
8
What is the thousands digit of 3342883?
2
What is the tens digit of 2363311?
1
What is the units digit of 6334583?
3
What is the thousands digit of 4073070?
3
What is the units digit of 765772?
2
What is the hundred thousands digit of 2209052?
2
What is the thousands digit of 1008255?
8
What is the hundreds digit of 489589?
5
What is the units digit of 2061758?
8
What is the hundred thousands digit of 408930?
4
What is the millions digit of 27971996?
7
What is the units digit of 4172940?
0
What is the tens digit of 2527529?
2
What is the units digit of 15005231?
1
What is the hundred thousands digit of 160713?
1
What is the units digit of 4959290?
0
What is the units digit of 460890?
0
What is the hundreds digit of 89960?
9
What is the hundreds digit of 2673712?
7
What is the units digit of 8488534?
4
What is the hundreds digit of 563106?
1
What is the units digit of 189877?
7
What is the millions digit of 18559298?
8
What is the millions digit of 2562627?
2
What is the thousands digit of 69185?
9
What is the hundred thousands digit of 18749322?
7
What is the ten thousands digit of 17724538?
2
What is the hundreds digit of 25156691?
6
What is the tens digit of 385632?
3
What is the tens digit of 1625974?
7
What is the hundreds digit of 663097?
0
What is the tens digit of 84317?
1
What is the hundred thousands digit of 969554?
9
What is the ten thousands digit of 252786?
5
What is the hundred thousands digit of 204317?
2
What is the millions digit of 3843084?
3
What is the ten millions digit of 18646803?
1
What is the hundreds digit of 704620?
6
What is the hundred thousands digit of 4283942?
2
What is the thousands digit of 1013450?
3
What is the hundreds digit of 248799?
7
What is the units digit of 1592098?
8
What is the ten thousands digit of 69849?
6
What is the tens digit of 4390262?
6
What is the hundreds digit of 543604?
6
What is the units digit of 6498422?
2
What is the thousands digit of 130988?
0
What is the ten thousands digit of 732742?
3
What is the ten thousands digit of 148222?
4
What is the units digit of 175833?
3
What is the units digit of 7339417?
7
What is the hundreds digit of 87037?
0
What is the thousands digit of 189605?
9
What is the units digit of 415915?
5
What is the hundreds digit of 243956?
9
What is the ten thousands digit of 15895058?
9
What is the tens digit of 2609894?
9
What is the ten thousands digit of 15142948?
4
What is the hundreds digit of 1527821?
8
What is the thousands digit of 1064598?
4
What is the tens digit of 3781144?
4
What is the thousands digit of 122404?
2
What is the thousands digit of 3366954?
6
What is the thousands digit of 7589735?
9
What is the thousands digit of 389697?
9
What is the ten millions digit of 18322102?
1
What is the hundreds digit of 58560?
5
What is the hundred thousands digit of 2869366?
8
What is the ten millions digit of 13769217?
1
What is the hundred thousands digit of 4936430?
9
What is the ten thousands digit of 227990?
2
What is the ten thousands digit of 394953?
9
What is the ten millions digit of 15562183?
1
What is the ten thousands digit of 67425?
6
What is the millions digit of 2629780?
2
What is the millions digit of 9384287?
9
What is the units digit of 14858488?
8
What is the thousands digit of 40184288?
4
What is the units digit of 5854592?
2
What is the hundreds digit of 262189?
1
What is the tens digit of 731685?
8
What is the tens digit of 2277326?
2
What is the units digit of 12711196?
6
What is the tens digit of 315743?
4
What is the millions digit of 1931898?
1
What is the millions digit of 19443717?
9
What is the hundreds digit of 2201496?
4
What is the hundred thousands digit of 481646?
4
What is the thousands digit of 85336?
5
What is the units digit of 11563665?
5
What is the thousands digit of 8281472?
1
What is the hundreds digit of 7989232?
2
What is the hundred thousands digit of 252886?
2
What is the tens digit of 214109?
0
What is the hundred thousands digit of 849023?
8
What is the thousands digit of 215265?
5
What is the ten thousands digit of 1918932?
1
What is the ten thousands digit of 519370?
1
What is the hundred thousands digit of 352187?
3
What is the millions digit of 3638669?
3
What is the hundreds digit of 362340?
3
What is the thousands digit of 694717?
4
What is the hundred thousands digit of 174732?
1
What is the hundred thousands digit of 544329?
5
What is the ten thousands digit of 1407170?
0
What is the units digit of 11704507?
7
What is the tens digit of 37846?
4
What is the ten thousands digit of 17247961?
4
What is the units digit of 1020321?
1
What is the thousands digit of 505450?
5
What is the tens digit of 4228959?
5
What is the ten thousands digit of 39483789?
8
What is the ten thousands digit of 13648?
1
What is the ten thousands digit of 697373?
9
What is the units digit of 2280665?
5
What is the tens digit of 359014?
1
What is the millions digit of 2398873?
2
What is the hundreds digit of 15116367?
3
What is the thousands digit of 255345?
5
What is the ten thousands digit of 1063940?
6
What is the hundreds digit of 790893?
8
What is the tens digit of 423300?
0
What is the tens digit of 565449?
4
What is the ten millions digit of 10799569?
1
What is the tens digit of 4615492?
9
What is the hundreds digit of 1269572?
5
What is the hundred thousands digit of 291173?
2
What is the hundreds digit of 222628?
6
What is the units digit of 239040?
0
What is the units digit of 1166511?
1
What is the thousands digit of 8172036?
2
What is the hundreds digit of 367288?
2
What is the units digit of 3884715?
5
What is the tens digit of 1129972?
7
What is the ten millions digit of 16036165?
1
What is the units digit of 6175973?
3
What is the ten thousands digit of 811477?
1
What is the units digit of 104057?
7
What is the tens digit of 1713609?
0
What is the ten thousands digit of 9366483?
6
What is the thousands digit of 445288?
5
What is the